ons digit of 3531459111?
3
What is the hundreds digit of 6150724683?
6
What is the hundreds digit of 29502207?
2
What is the hundred thousands digit of 74849231?
8
What is the tens digit of 439420313?
1
What is the ten thousands digit of 48434191?
3
What is the units digit of 94353698?
8
What is the hundred millions digit of 856643059?
8
What is the ten millions digit of 242362681?
4
What is the hundred thousands digit of 8925696177?
6
What is the hundreds digit of 5266431101?
1
What is the ten millions digit of 4472955824?
7
What is the units digit of 92600186?
6
What is the ten millions digit of 2005480728?
0
What is the tens digit of 313363800?
0
What is the hundred thousands digit of 115418900?
4
What is the ten millions digit of 47874197?
4
What is the units digit of 130654077?
7
What is the millions digit of 179180843?
9
What is the hundred millions digit of 408522049?
4
What is the hundred thousands digit of 3969338354?
3
What is the millions digit of 630599841?
0
What is the millions digit of 830669599?
0
What is the hundred millions digit of 1361719082?
3
What is the thousands digit of 246246001?
6
What is the ten thousands digit of 58442092?
4
What is the units digit of 28641187?
7
What is the thousands digit of 56857461?
7
What is the hundreds digit of 418778226?
2
What is the hundreds digit of 1703866053?
0
What is the hundred thousands digit of 143876356?
8
What is the ten millions digit of 2650876816?
5
What is the tens digit of 402744587?
8
What is the hundred thousands digit of 4308820383?
8
What is the ten millions digit of 283731084?
8
What is the hundreds digit of 78036583?
5
What is the billions digit of 1516874802?
1
What is the ten thousands digit of 1252972932?
7
What is the hundred thousands digit of 78697106?
6
What is the billions digit of 3494561286?
3
What is the tens digit of 80214715?
1
What is the thousands digit of 684953957?
3
What is the billions digit of 1040984173?
1
What is the thousands digit of 72869603?
9
What is the tens digit of 307256309?
0
What is the millions digit of 45064568?
5
What is the units digit of 2250924901?
1
What is the hundred millions digit of 2187590314?
1
What is the thousands digit of 49265359?
5
What is the thousands digit of 48351317?
1
What is the millions digit of 47920006?
7
What is the tens digit of 51044713?
1
What is the tens digit of 219758747?
4
What is the millions digit of 540114802?
0
What is the millions digit of 57160675?
7
What is the tens digit of 3247001401?
0
What is the hundred thousands digit of 98361383?
3
What is the hundreds digit of 533406241?
2
What is the ten millions digit of 10443915?
1
What is the hundreds digit of 1091018831?
8
What is the units digit of 59815208?
8
What is the ten thousands digit of 415543785?
4
What is the tens digit of 18114624?
2
What is the ten thousands digit of 55514246?
1
What is the ten millions digit of 330520819?
3
What is the hundred thousands digit of 1130685679?
6
What is the millions digit of 172874022?
2
What is the tens digit of 88635164?
6
What is the ten millions digit of 157718263?
5
What is the thousands digit of 21443158?
3
What is the billions digit of 3219401743?
3
What is the tens digit of 178408136?
3
What is the hundred thousands digit of 535590916?
5
What is the hundreds digit of 367821126?
1
What is the ten millions digit of 448430552?
4
What is the millions digit of 29977965?
9
What is the units digit of 58666864?
4
What is the hundred thousands digit of 604505237?
5
What is the hundred thousands digit of 271977917?
9
What is the tens digit of 23103851?
5
What is the hundred thousands digit of 249068570?
0
What is the ten thousands digit of 386679139?
7
What is the ten millions digit of 2784607446?
8
What is the hundred millions digit of 1092345934?
0
What is the hundreds digit of 43565869?
8
What is the tens digit of 3286757317?
1
What is the billions digit of 3780142482?
3
What is the units digit of 129044258?
8
What is the hundred thousands digit of 24895099?
8
What is the hundred thousands digit of 20173728?
1
What is the thousands digit of 764370385?
0
What is the hundreds digit of 430156631?
6
What is the thousands digit of 1130264920?
4
What is the ten thousands digit of 581056238?
5
What is the ten millions digit of 1956594394?
5
What is the units digit of 74673532?
2
What is the thousands digit of 23515890?
5
What is the units digit of 97796016?
6
What is the thousands digit of 165100914?
0
What is the hundreds digit of 143562816?
8
What is the tens digit of 157537291?
9
What is the tens digit of 79192984?
8
What is the ten thousands digit of 216028051?
2
What is the tens digit of 799769107?
0
What is the thousands digit of 1454640567?
0
What is the billions digit of 2271375270?
2
What is the ten thousands digit of 156751093?
5
What is the ten millions digit of 6300089760?
0
What is the millions digit of 1442681989?
2
What is the hundred thousands digit of 88586381?
5
What is the units digit of 2584796931?
1
What is the units digit of 2138920?
0
What is the hundreds digit of 753191706?
7
What is the ten thousands digit of 3571630693?
3
What is the thousands digit of 457741065?
1
What is the hundred thousands digit of 5429468162?
4
What is the units digit of 336731053?
3
What is the hundred millions digit of 872341379?
8
What is the millions digit of 4367301?
4
What is the hundred thousands digit of 2223049715?
0
What is the ten millions digit of 2330486324?
3
What is the hundred thousands digit of 430478209?
4
What is the hundred thousands digit of 85280586?
2
What is the ten thousands digit of 29006849?
0
What is the billions digit of 1331153890?
1
What is the hundred thousands digit of 17897655?
8
What is the hundred millions digit of 680199729?
6
What is the units digit of 7637805674?
4
What is the ten thousands digit of 5517382?
1
What is the units digit of 154119222?
2
What is the units digit of 21169562?
2
What is the hundreds digit of 298833594?
5
What is the millions digit of 63707422?
3
What is the thousands digit of 53153789?
3
What is the tens digit of 162525116?
1
What is the units digit of 168775845?
5
What is the hundred millions digit of 407771111?
4
What is the units digit of 307943077?
7
What is the millions digit of 1869975507?
9
What is the hundreds digit of 97493090?
0
What is the ten thousands digit of 84889896?
8
What is the hundred millions digit of 254722402?
2
What is the hundred thousands digit of 54144346?
1
What is the units digit of 413925453?
3
What is the ten thousands digit of 60942195?
4
What is the thousands digit of 38199737?
9
What is the ten thousands digit of 14072053?
7
What is the tens digit of 3508018407?
0
What is the hundreds digit of 34463320?
3
What is the units digit of 361008981?
1
What is the ten millions digit of 38173676?
3
What is the ten millions digit of 70994114?
7
What is the units digit of 20718460?
0
What is the thousands digit of 792428502?
8
What is the millions digit of 81566440?
1
What is the ten millions digit of 909685880?
0
What is the thousands digit of 5952175580?
5
What is the ten millions digit of 28993130?
2
What is the ten thousands digit of 82390095?
9
What is the hundreds digit of 73169685?
6
What is the hundreds digit of 59039325?
3
What is the ten thousands digit of 83068547?
6
What is the ten thousands digit of 558178105?
7
What is the hundred millions digit of 3006595506?
0
What is the tens digit of 1966090852?
5
What is the units digit of 573973504?
4
What is the millions digit of 126810090?
6
What is the hundred thousands digit of 772886347?
8
What is the hundred thousands digit of 134123899?
1
What is the billions digit of 2373928853?
2
What is the hundreds digit of 548344437?
4
What is the thousands digit of 29997500?
7
What is the ten thousands digit of 45073939?
7
What is the hundred millions digit of 399958283?
3
What is the tens digit of 104460220?
2
What is the millions digit of 2983582967?
3
What is the thousands digit of 57994498?
4
What is the ten millions digit of 5728182887?
2
What is the thousands digit of 65851369?
1
What is the ten thousands digit of 23132889?
3
What is the tens digit of 69677414?
1
What is the millions digit of 135926276?
5
What is the thousands digit of 101672061?
2
What is the unit